{"id":1605,"date":"2021-05-18T14:07:40","date_gmt":"2021-05-18T17:07:40","guid":{"rendered":"https:\/\/scherercortinas.com.br\/novosite\/?page_id=1605"},"modified":"2024-10-15T15:15:12","modified_gmt":"2024-10-15T18:15:12","slug":"motorizacao","status":"publish","type":"page","link":"https:\/\/scherercortinas.com.br\/index.php\/motorizacao\/","title":{"rendered":"MOTORIZA\u00c7\u00c3O"},"content":{"rendered":"\t\t<div data-elementor-type=\"wp-page\" data-elementor-id=\"1605\" class=\"elementor elementor-1605\" data-elementor-post-type=\"page\">\n\t\t\t\t\t\t<section class=\"elementor-section elementor-top-section elementor-element elementor-element-2059104d elementor-section-boxed elementor-section-height-default elementor-section-height-default\" data-id=\"2059104d\" data-element_type=\"section\" data-e-type=\"section\">\n\t\t\t\t\t\t<div class=\"elementor-container elementor-column-gap-default\">\n\t\t\t\t\t<div class=\"elementor-column elementor-col-100 elementor-top-column elementor-element elementor-element-644ad387\" data-id=\"644ad387\" data-element_type=\"column\" data-e-type=\"column\">\n\t\t\t<div class=\"elementor-widget-wrap elementor-element-populated\">\n\t\t\t\t\t\t<div class=\"elementor-element elementor-element-674b2107 elementor-widget elementor-widget-text-editor\" data-id=\"674b2107\" data-element_type=\"widget\" data-e-type=\"widget\" data-widget_type=\"text-editor.default\">\n\t\t\t\t<div class=\"elementor-widget-container\">\n\t\t\t\t\t\t\t\t\t[vc_row full_width=&#8221;stretch_row_content_no_spaces&#8221; css=&#8221;.vc_custom_1621357024589{background-color: #674078 !important;}&#8221;][vc_column][\/vc_column][\/vc_row][vc_row][vc_column][vc_column_text css_animation=&#8221;fadeInUp&#8221;]\r\n<h2><strong>MOTORIZA\u00c7\u00c3O<\/strong><\/h2>\r\n[\/vc_column_text][\/vc_column][\/vc_row][vc_row][vc_column width=&#8221;1\/2&#8243;][vc_column_text css_animation=&#8221;fadeInUp&#8221;]A\u00a0<strong>motoriza\u00e7\u00e3o de persianas e cortinas facilita<\/strong>\u00a0o dia a dia em resid\u00eancias e pr\u00e9dios comerciais. Com o acionamento por controle remoto, interruptor de parede ou display de automa\u00e7\u00e3o voc\u00ea ter\u00e1 como abrir ou fechar sua persiana com muito conforto e praticidade. \u00c9 uma excelente solu\u00e7\u00e3o para grandes \u00e1reas envidra\u00e7adas, e pode ser integrada com a automa\u00e7\u00e3o residencial.[\/vc_column_text][vc_custom_heading text=&#8221;DICAS DE UTILIZA\u00c7\u00c3O&#8221; font_container=&#8221;tag:h2|font_size:25|text_align:left|color:%230a0505&#8243; use_theme_fonts=&#8221;yes&#8221; css_animation=&#8221;fadeInUp&#8221;][vc_column_text css_animation=&#8221;fadeInUp&#8221;]Recomenda\u00e7\u00f5es para melhor manuseio e conserva\u00e7\u00e3o de sua\u00a0<strong>Cortina<\/strong>\u00a0ou\u00a0<strong>Persiana Motorizada<\/strong>:\r\n\r\nQuando manusear\u00a0<strong>cortinas<\/strong>\u00a0ou<strong>\u00a0persianas motorizadas<\/strong>, utilize apenas o controle remoto para fazer subir ou descer a pe\u00e7a. Nunca force com a m\u00e3o para que o m\u00f3dulo se movimente mais r\u00e1pido.[\/vc_column_text][\/vc_column][vc_column width=&#8221;1\/2&#8243;][vc_column_text css_animation=&#8221;fadeInUp&#8221;]<img fetchpriority=\"high\" decoding=\"async\" class=\"aligncenter wp-image-1927 size-full\" src=\"https:\/\/scherercortinas.com.br\/wp-content\/uploads\/2023\/03\/Motoriza\u00e7\u00e3o-de-cortinas.jpg\" alt=\"\" width=\"800\" height=\"800\" srcset=\"https:\/\/scherercortinas.com.br\/wp-content\/uploads\/2023\/03\/Motoriza\u00e7\u00e3o-de-cortinas.jpg 800w, https:\/\/scherercortinas.com.br\/wp-content\/uploads\/2023\/03\/Motoriza\u00e7\u00e3o-de-cortinas-300x300.jpg 300w, https:\/\/scherercortinas.com.br\/wp-content\/uploads\/2023\/03\/Motoriza\u00e7\u00e3o-de-cortinas-150x150.jpg 150w, https:\/\/scherercortinas.com.br\/wp-content\/uploads\/2023\/03\/Motoriza\u00e7\u00e3o-de-cortinas-768x768.jpg 768w, https:\/\/scherercortinas.com.br\/wp-content\/uploads\/2023\/03\/Motoriza\u00e7\u00e3o-de-cortinas-640x640.jpg 640w\" sizes=\"(max-width: 800px) 100vw, 800px\" \/>[\/vc_column_text][\/vc_column][\/vc_row]\t\t\t\t\t\t\t\t<\/div>\n\t\t\t\t<\/div>\n\t\t\t\t\t<\/div>\n\t\t<\/div>\n\t\t\t\t\t<\/div>\n\t\t<\/section>\n\t\t\t\t<section class=\"elementor-section elementor-top-section elementor-element elementor-element-0b58b5f elementor-section-stretched elementor-section-boxed elementor-section-height-default elementor-section-height-default\" data-id=\"0b58b5f\" data-element_type=\"section\" data-e-type=\"section\" data-settings=\"{&quot;stretch_section&quot;:&quot;section-stretched&quot;}\">\n\t\t\t\t\t\t<div class=\"elementor-container elementor-column-gap-default\">\n\t\t\t\t\t<div class=\"elementor-column elementor-col-100 elementor-top-column elementor-element elementor-element-033fe86\" data-id=\"033fe86\" data-element_type=\"column\" data-e-type=\"column\">\n\t\t\t<div class=\"elementor-widget-wrap\">\n\t\t\t\t\t\t\t<\/div>\n\t\t<\/div>\n\t\t\t\t\t<\/div>\n\t\t<\/section>\n\t\t\t\t<\/div>\n\t\t","protected":false},"excerpt":{"rendered":"<p>[vc_row full_width=&#8221;stretch_row_content_no_spaces&#8221; css=&#8221;.vc_custom_1621357024589{background-color: #674078 !important;}&#8221;][vc_column][\/vc_column][\/vc_row][vc_row][vc_column][vc_column_text css_animation=&#8221;fadeInUp&#8221;] MOTORIZA\u00c7\u00c3O [\/vc_column_text][\/vc_column][\/vc_row][vc_row][vc_column width=&#8221;1\/2&#8243;][vc_column_text css_animation=&#8221;fadeInUp&#8221;]A\u00a0motoriza\u00e7\u00e3o de persianas e cortinas facilita\u00a0o dia a dia em resid\u00eancias e pr\u00e9dios comerciais. Com o acionamento por controle remoto, interruptor de parede ou display de automa\u00e7\u00e3o voc\u00ea ter\u00e1 como abrir ou fechar sua persiana com muito conforto e praticidade. \u00c9 uma excelente solu\u00e7\u00e3o para grandes [&hellip;]<\/p>\n","protected":false},"author":2,"featured_media":0,"parent":0,"menu_order":0,"comment_status":"closed","ping_status":"closed","template":"","meta":{"footnotes":""},"class_list":["post-1605","page","type-page","status-publish","hentry"],"_links":{"self":[{"href":"https:\/\/scherercortinas.com.br\/index.php\/wp-json\/wp\/v2\/pages\/1605","targetHints":{"allow":["GET"]}}],"collection":[{"href":"https:\/\/scherercortinas.com.br\/index.php\/wp-json\/wp\/v2\/pages"}],"about":[{"href":"https:\/\/scherercortinas.com.br\/index.php\/wp-json\/wp\/v2\/types\/page"}],"author":[{"embeddable":true,"href":"https:\/\/scherercortinas.com.br\/index.php\/wp-json\/wp\/v2\/users\/2"}],"replies":[{"embeddable":true,"href":"https:\/\/scherercortinas.com.br\/index.php\/wp-json\/wp\/v2\/comments?post=1605"}],"version-history":[{"count":27,"href":"https:\/\/scherercortinas.com.br\/index.php\/wp-json\/wp\/v2\/pages\/1605\/revisions"}],"predecessor-version":[{"id":2353,"href":"https:\/\/scherercortinas.com.br\/index.php\/wp-json\/wp\/v2\/pages\/1605\/revisions\/2353"}],"wp:attachment":[{"href":"https:\/\/scherercortinas.com.br\/index.php\/wp-json\/wp\/v2\/media?parent=1605"}],"curies":[{"name":"wp","href":"https:\/\/api.w.org\/{rel}","templated":true}]}}