{"id":1758,"date":"2021-05-19T10:41:00","date_gmt":"2021-05-19T13:41:00","guid":{"rendered":"https:\/\/scherercortinas.com.br\/novosite\/?page_id=1758"},"modified":"2024-10-15T15:13:08","modified_gmt":"2024-10-15T18:13:08","slug":"double-vision","status":"publish","type":"page","link":"https:\/\/scherercortinas.com.br\/index.php\/double-vision\/","title":{"rendered":"Double Vision"},"content":{"rendered":"\t\t<div data-elementor-type=\"wp-page\" data-elementor-id=\"1758\" class=\"elementor elementor-1758\" data-elementor-post-type=\"page\">\n\t\t\t\t\t\t<section class=\"elementor-section elementor-top-section elementor-element elementor-element-1578d501 elementor-section-boxed elementor-section-height-default elementor-section-height-default\" data-id=\"1578d501\" data-element_type=\"section\" data-e-type=\"section\">\n\t\t\t\t\t\t<div class=\"elementor-container elementor-column-gap-default\">\n\t\t\t\t\t<div class=\"elementor-column elementor-col-100 elementor-top-column elementor-element elementor-element-74a25f12\" data-id=\"74a25f12\" data-element_type=\"column\" data-e-type=\"column\">\n\t\t\t<div class=\"elementor-widget-wrap elementor-element-populated\">\n\t\t\t\t\t\t<div class=\"elementor-element elementor-element-619f9cca elementor-widget elementor-widget-text-editor\" data-id=\"619f9cca\" data-element_type=\"widget\" data-e-type=\"widget\" data-widget_type=\"text-editor.default\">\n\t\t\t\t<div class=\"elementor-widget-container\">\n\t\t\t\t\t\t\t\t\t[vc_row full_width=&#8221;stretch_row_content_no_spaces&#8221; css=&#8221;.vc_custom_1621431228305{background-color: #674078 !important;}&#8221;][vc_column][\/vc_column][\/vc_row][vc_row][vc_column][vc_column_text css_animation=&#8221;fadeInUp&#8221;]\r\n<h2><strong>PERSIANAS DOUBLE VISION<\/strong><\/h2>\r\n[\/vc_column_text][vc_column_text css_animation=&#8221;fadeInUp&#8221; css=&#8221;.vc_custom_1679506131119{margin-bottom: 10px !important;}&#8221;]\r\n<p style=\"text-align: left;\"><span style=\"color: #000;\">A queridinha do momento vertical, persianas doubl\u00e9 vision, possuem l\u00e2minas de pvc envoltas por lindos tecidos voais. Uma \u00f3tima pedida em beleza e prote\u00e7\u00e3o.<\/span><\/p>\r\n[\/vc_column_text][vc_column_text css_animation=&#8221;fadeInUp&#8221;]\r\n\r\n<div id='gallery-1' class='gallery galleryid-1758 gallery-columns-4 gallery-size-medium'><figure class='gallery-item'>\n\t\t\t<div class='gallery-icon landscape'>\n\t\t\t\t<a href='https:\/\/scherercortinas.com.br\/wp-content\/uploads\/2023\/03\/Persiana-Double-Vision.jpg' rel=\"lightbox[gallery-0] lightbox-0\"><img fetchpriority=\"high\" decoding=\"async\" width=\"300\" height=\"300\" src=\"https:\/\/scherercortinas.com.br\/wp-content\/uploads\/2023\/03\/Persiana-Double-Vision-300x300.jpg\" class=\"attachment-medium size-medium\" alt=\"\" srcset=\"https:\/\/scherercortinas.com.br\/wp-content\/uploads\/2023\/03\/Persiana-Double-Vision-300x300.jpg 300w, https:\/\/scherercortinas.com.br\/wp-content\/uploads\/2023\/03\/Persiana-Double-Vision-150x150.jpg 150w, https:\/\/scherercortinas.com.br\/wp-content\/uploads\/2023\/03\/Persiana-Double-Vision-768x768.jpg 768w, https:\/\/scherercortinas.com.br\/wp-content\/uploads\/2023\/03\/Persiana-Double-Vision-640x640.jpg 640w, https:\/\/scherercortinas.com.br\/wp-content\/uploads\/2023\/03\/Persiana-Double-Vision.jpg 800w\" sizes=\"(max-width: 300px) 100vw, 300px\" \/><\/a>\n\t\t\t<\/div><\/figure><figure class='gallery-item'>\n\t\t\t<div class='gallery-icon landscape'>\n\t\t\t\t<a href='https:\/\/scherercortinas.com.br\/wp-content\/uploads\/2021\/05\/07-6.jpg' rel=\"lightbox[gallery-0] lightbox-1\"><img decoding=\"async\" width=\"300\" height=\"300\" src=\"https:\/\/scherercortinas.com.br\/wp-content\/uploads\/2021\/05\/07-6-300x300.jpg\" class=\"attachment-medium size-medium\" alt=\"\" srcset=\"https:\/\/scherercortinas.com.br\/wp-content\/uploads\/2021\/05\/07-6-300x300.jpg 300w, https:\/\/scherercortinas.com.br\/wp-content\/uploads\/2021\/05\/07-6-150x150.jpg 150w, https:\/\/scherercortinas.com.br\/wp-content\/uploads\/2021\/05\/07-6-768x768.jpg 768w, https:\/\/scherercortinas.com.br\/wp-content\/uploads\/2021\/05\/07-6-640x640.jpg 640w, https:\/\/scherercortinas.com.br\/wp-content\/uploads\/2021\/05\/07-6.jpg 800w\" sizes=\"(max-width: 300px) 100vw, 300px\" \/><\/a>\n\t\t\t<\/div><\/figure><figure class='gallery-item'>\n\t\t\t<div class='gallery-icon landscape'>\n\t\t\t\t<a href='https:\/\/scherercortinas.com.br\/wp-content\/uploads\/2021\/05\/01-13.jpg' rel=\"lightbox[gallery-0] lightbox-2\"><img decoding=\"async\" width=\"300\" height=\"300\" src=\"https:\/\/scherercortinas.com.br\/wp-content\/uploads\/2021\/05\/01-13-300x300.jpg\" class=\"attachment-medium size-medium\" alt=\"\" srcset=\"https:\/\/scherercortinas.com.br\/wp-content\/uploads\/2021\/05\/01-13-300x300.jpg 300w, https:\/\/scherercortinas.com.br\/wp-content\/uploads\/2021\/05\/01-13-150x150.jpg 150w, https:\/\/scherercortinas.com.br\/wp-content\/uploads\/2021\/05\/01-13-768x768.jpg 768w, https:\/\/scherercortinas.com.br\/wp-content\/uploads\/2021\/05\/01-13-640x640.jpg 640w, https:\/\/scherercortinas.com.br\/wp-content\/uploads\/2021\/05\/01-13.jpg 800w\" sizes=\"(max-width: 300px) 100vw, 300px\" \/><\/a>\n\t\t\t<\/div><\/figure><figure class='gallery-item'>\n\t\t\t<div class='gallery-icon landscape'>\n\t\t\t\t<a href='https:\/\/scherercortinas.com.br\/wp-content\/uploads\/2021\/05\/02-13.jpg' rel=\"lightbox[gallery-0] lightbox-3\"><img loading=\"lazy\" decoding=\"async\" width=\"300\" height=\"300\" src=\"https:\/\/scherercortinas.com.br\/wp-content\/uploads\/2021\/05\/02-13-300x300.jpg\" class=\"attachment-medium size-medium\" alt=\"\" srcset=\"https:\/\/scherercortinas.com.br\/wp-content\/uploads\/2021\/05\/02-13-300x300.jpg 300w, https:\/\/scherercortinas.com.br\/wp-content\/uploads\/2021\/05\/02-13-150x150.jpg 150w, https:\/\/scherercortinas.com.br\/wp-content\/uploads\/2021\/05\/02-13-768x768.jpg 768w, https:\/\/scherercortinas.com.br\/wp-content\/uploads\/2021\/05\/02-13-640x640.jpg 640w, https:\/\/scherercortinas.com.br\/wp-content\/uploads\/2021\/05\/02-13.jpg 800w\" sizes=\"(max-width: 300px) 100vw, 300px\" \/><\/a>\n\t\t\t<\/div><\/figure><figure class='gallery-item'>\n\t\t\t<div class='gallery-icon landscape'>\n\t\t\t\t<a href='https:\/\/scherercortinas.com.br\/wp-content\/uploads\/2021\/05\/03-13.jpg' rel=\"lightbox[gallery-0] lightbox-4\"><img loading=\"lazy\" decoding=\"async\" width=\"300\" height=\"300\" src=\"https:\/\/scherercortinas.com.br\/wp-content\/uploads\/2021\/05\/03-13-300x300.jpg\" class=\"attachment-medium size-medium\" alt=\"\" srcset=\"https:\/\/scherercortinas.com.br\/wp-content\/uploads\/2021\/05\/03-13-300x300.jpg 300w, https:\/\/scherercortinas.com.br\/wp-content\/uploads\/2021\/05\/03-13-150x150.jpg 150w, https:\/\/scherercortinas.com.br\/wp-content\/uploads\/2021\/05\/03-13-768x768.jpg 768w, https:\/\/scherercortinas.com.br\/wp-content\/uploads\/2021\/05\/03-13-640x640.jpg 640w, https:\/\/scherercortinas.com.br\/wp-content\/uploads\/2021\/05\/03-13.jpg 800w\" sizes=\"(max-width: 300px) 100vw, 300px\" \/><\/a>\n\t\t\t<\/div><\/figure><figure class='gallery-item'>\n\t\t\t<div class='gallery-icon landscape'>\n\t\t\t\t<a href='https:\/\/scherercortinas.com.br\/wp-content\/uploads\/2021\/05\/04-12.jpg' rel=\"lightbox[gallery-0] lightbox-5\"><img loading=\"lazy\" decoding=\"async\" width=\"300\" height=\"300\" src=\"https:\/\/scherercortinas.com.br\/wp-content\/uploads\/2021\/05\/04-12-300x300.jpg\" class=\"attachment-medium size-medium\" alt=\"\" srcset=\"https:\/\/scherercortinas.com.br\/wp-content\/uploads\/2021\/05\/04-12-300x300.jpg 300w, https:\/\/scherercortinas.com.br\/wp-content\/uploads\/2021\/05\/04-12-150x150.jpg 150w, https:\/\/scherercortinas.com.br\/wp-content\/uploads\/2021\/05\/04-12-768x768.jpg 768w, https:\/\/scherercortinas.com.br\/wp-content\/uploads\/2021\/05\/04-12-640x640.jpg 640w, https:\/\/scherercortinas.com.br\/wp-content\/uploads\/2021\/05\/04-12.jpg 800w\" sizes=\"(max-width: 300px) 100vw, 300px\" \/><\/a>\n\t\t\t<\/div><\/figure><figure class='gallery-item'>\n\t\t\t<div class='gallery-icon landscape'>\n\t\t\t\t<a href='https:\/\/scherercortinas.com.br\/wp-content\/uploads\/2021\/05\/06-7.jpg' rel=\"lightbox[gallery-0] lightbox-6\"><img loading=\"lazy\" decoding=\"async\" width=\"300\" height=\"300\" src=\"https:\/\/scherercortinas.com.br\/wp-content\/uploads\/2021\/05\/06-7-300x300.jpg\" class=\"attachment-medium size-medium\" alt=\"\" srcset=\"https:\/\/scherercortinas.com.br\/wp-content\/uploads\/2021\/05\/06-7-300x300.jpg 300w, https:\/\/scherercortinas.com.br\/wp-content\/uploads\/2021\/05\/06-7-150x150.jpg 150w, https:\/\/scherercortinas.com.br\/wp-content\/uploads\/2021\/05\/06-7-768x768.jpg 768w, https:\/\/scherercortinas.com.br\/wp-content\/uploads\/2021\/05\/06-7-640x640.jpg 640w, https:\/\/scherercortinas.com.br\/wp-content\/uploads\/2021\/05\/06-7.jpg 800w\" sizes=\"(max-width: 300px) 100vw, 300px\" \/><\/a>\n\t\t\t<\/div><\/figure><figure class='gallery-item'>\n\t\t\t<div class='gallery-icon landscape'>\n\t\t\t\t<a href='https:\/\/scherercortinas.com.br\/wp-content\/uploads\/2021\/05\/05-7.jpg' rel=\"lightbox[gallery-0] lightbox-7\"><img loading=\"lazy\" decoding=\"async\" width=\"300\" height=\"300\" src=\"https:\/\/scherercortinas.com.br\/wp-content\/uploads\/2021\/05\/05-7-300x300.jpg\" class=\"attachment-medium size-medium\" alt=\"\" srcset=\"https:\/\/scherercortinas.com.br\/wp-content\/uploads\/2021\/05\/05-7-300x300.jpg 300w, https:\/\/scherercortinas.com.br\/wp-content\/uploads\/2021\/05\/05-7-150x150.jpg 150w, https:\/\/scherercortinas.com.br\/wp-content\/uploads\/2021\/05\/05-7-768x768.jpg 768w, https:\/\/scherercortinas.com.br\/wp-content\/uploads\/2021\/05\/05-7-640x640.jpg 640w, https:\/\/scherercortinas.com.br\/wp-content\/uploads\/2021\/05\/05-7.jpg 800w\" sizes=\"(max-width: 300px) 100vw, 300px\" \/><\/a>\n\t\t\t<\/div><\/figure>\n\t\t<\/div>\n\r\n\r\n[\/vc_column_text][\/vc_column][\/vc_row]\t\t\t\t\t\t\t\t<\/div>\n\t\t\t\t<\/div>\n\t\t\t\t\t<\/div>\n\t\t<\/div>\n\t\t\t\t\t<\/div>\n\t\t<\/section>\n\t\t\t\t<section class=\"elementor-section elementor-top-section elementor-element elementor-element-5438759 elementor-section-stretched elementor-section-boxed elementor-section-height-default elementor-section-height-default\" data-id=\"5438759\" data-element_type=\"section\" data-e-type=\"section\" data-settings=\"{&quot;stretch_section&quot;:&quot;section-stretched&quot;}\">\n\t\t\t\t\t\t<div class=\"elementor-container elementor-column-gap-default\">\n\t\t\t\t\t<div class=\"elementor-column elementor-col-100 elementor-top-column elementor-element elementor-element-9714de1\" data-id=\"9714de1\" data-element_type=\"column\" data-e-type=\"column\">\n\t\t\t<div class=\"elementor-widget-wrap\">\n\t\t\t\t\t\t\t<\/div>\n\t\t<\/div>\n\t\t\t\t\t<\/div>\n\t\t<\/section>\n\t\t\t\t<\/div>\n\t\t","protected":false},"excerpt":{"rendered":"<p>[vc_row full_width=&#8221;stretch_row_content_no_spaces&#8221; css=&#8221;.vc_custom_1621431228305{background-color: #674078 !important;}&#8221;][vc_column][\/vc_column][\/vc_row][vc_row][vc_column][vc_column_text css_animation=&#8221;fadeInUp&#8221;] PERSIANAS DOUBLE VISION [\/vc_column_text][vc_column_text css_animation=&#8221;fadeInUp&#8221; css=&#8221;.vc_custom_1679506131119{margin-bottom: 10px !important;}&#8221;] A queridinha do momento vertical, persianas doubl\u00e9 vision, possuem l\u00e2minas de pvc envoltas por lindos tecidos voais. Uma \u00f3tima pedida em beleza e prote\u00e7\u00e3o. [\/vc_column_text][vc_column_text css_animation=&#8221;fadeInUp&#8221;] [\/vc_column_text][\/vc_column][\/vc_row] WhatsApp para contato Digite seu WhatsApp Iniciar Conversa<\/p>\n","protected":false},"author":2,"featured_media":0,"parent":0,"menu_order":0,"comment_status":"closed","ping_status":"closed","template":"","meta":{"footnotes":""},"class_list":["post-1758","page","type-page","status-publish","hentry"],"_links":{"self":[{"href":"https:\/\/scherercortinas.com.br\/index.php\/wp-json\/wp\/v2\/pages\/1758","targetHints":{"allow":["GET"]}}],"collection":[{"href":"https:\/\/scherercortinas.com.br\/index.php\/wp-json\/wp\/v2\/pages"}],"about":[{"href":"https:\/\/scherercortinas.com.br\/index.php\/wp-json\/wp\/v2\/types\/page"}],"author":[{"embeddable":true,"href":"https:\/\/scherercortinas.com.br\/index.php\/wp-json\/wp\/v2\/users\/2"}],"replies":[{"embeddable":true,"href":"https:\/\/scherercortinas.com.br\/index.php\/wp-json\/wp\/v2\/comments?post=1758"}],"version-history":[{"count":13,"href":"https:\/\/scherercortinas.com.br\/index.php\/wp-json\/wp\/v2\/pages\/1758\/revisions"}],"predecessor-version":[{"id":2344,"href":"https:\/\/scherercortinas.com.br\/index.php\/wp-json\/wp\/v2\/pages\/1758\/revisions\/2344"}],"wp:attachment":[{"href":"https:\/\/scherercortinas.com.br\/index.php\/wp-json\/wp\/v2\/media?parent=1758"}],"curies":[{"name":"wp","href":"https:\/\/api.w.org\/{rel}","templated":true}]}}